e 5*w - 3*w = 10. What is the highest common divisor of p and w?
5
Let p = -32 + 44. Suppose 0 = -v + 14 - 2. Calculate the highest common divisor of p and v.
12
Let f = 0 - -1. Let b be (-1)/(f/(-1)) + 3. Let t = 1 + 15. What is the greatest common factor of b and t?
4
Suppose 7*d - 4*d = 5*w - 127, -4*d + 108 = 4*w. Calculate the highest common divisor of w and 26.
26
Let s be 1*31*15/15. What is the highest common divisor of 248 and s?
31
Suppose 3*s - 1 = 26. Suppose -2*o = -5*v + 41, -5*o = s + 6. Calculate the greatest common divisor of 56 and v.
7
Let f = -3 - -5. Suppose -5*o = a - 0*a - 119, f*o = 3*a - 289. Calculate the greatest common divisor of a and 9.
9
Let u(v) = 31*v - 10. Let a be u(7). Calculate the highest common divisor of a and 23.
23
Suppose -2*q - 86 = -214. Calculate the highest common divisor of 96 and q.
32
Suppose -3 = -3*n + 3. Let g(h) = -h**3 - h**2 + h - 2. Let x be g(-2). Let k be 1*(4 - (-1 - x)). Calculate the greatest common factor of n and k.
1
Let z(r) = -16*r - 4. Let k be z(-5). Let d = 11 - 16. Let l be (-1)/d - 1222/(-65). Calculate the greatest common factor of l and k.
19
Let i(v) = -3 - v**2 + 14*v - 15*v + 7. Let l be i(0). What is the highest common factor of l and 6?
2
Let k = -4 + 5. Suppose -3*l - 5 = k. Let z = l - -4. What is the highest common divisor of z and 5?
1
Let q = 10 - 6. Suppose 0 = 4*a + r + q, 2*a + 4*r + 11 + 5 = 0. Suppose -h + 27 - 7 = a. What is the highest common divisor of h and 40?
20
Let a = 21 - -24. Calculate the greatest common divisor of a and 5.
5
Let n(w) be the first derivative of 2*w**3/3 - 4*w**2 - 6*w - 2. Let r be n(-7). Suppose 4*p - r = -8. Calculate the greatest common factor of p and 14.
7
Suppose -6*l - 1 = -7. Calculate the highest common factor of 3 and l.
1
Suppose -1164 - 86 = -10*h. Calculate the greatest common factor of 50 and h.
25
Suppose 5*y - 3*y + 6 = 0, 2*y - 2 = 2*i. Let f be 2/i*(-52)/2. Calculate the greatest common factor of 52 and f.
13
Let h(r) = -r**3 - 7*r**2 - 8*r + 8. Let w be h(-7). Suppose 244 = 5*j + w. Let z = -12 + 21. Calculate the highest common divisor of z and j.
9
Let f(g) = g**2 - 10*g - 4. Let n be f(11). Calculate the greatest common divisor of 14 and n.
7
Suppose -a = -5*a + q + 85, 3*a - q - 65 = 0. What is the greatest common factor of 40 and a?
20
Let j be ((-1)/(-2))/(4/64). What is the greatest common factor of 16 and j?
8
Let q = 15 + -11. What is the highest common factor of q and 20?
4
Let s(c) be the third derivative of c**5/10 - c**4/24 - c**3/3 + 3*c**2. Let z be s(2). Calculate the highest common divisor of z and 80.
20
Let m = -53 + 185. Calculate the greatest common divisor of m and 33.
33
Suppose -32 = -5*p + t, -4*t = -p - 2 - 3. Let m = p - 5. Suppose -m*o = 8, -5*l + 271 = o - 5. Calculate the highest common factor of l and 14.
14
Let x = 394 - 264. Calculate the highest common factor of x and 26.
26
Suppose -y = 0, 5*o - 3*y - 9 - 76 = 0. Suppose -o = -5*k + 3. Calculate the greatest common divisor of k and 2.
2
Let l be ((-2)/6)/((-1)/69). Suppose 72 = u + 4*m, -107 = -u + 3*m - 0*m. Calculate the greatest common factor of u and l.
23
Let t(u) = 3*u - 4 - u - 2*u**3 - u**3 + 5 + u**2. Let f = 8 + -11. Let v be t(f). Calculate the greatest common divisor of v and 17.
17
Suppose -6*u = -u + 85. Let m = -7 - u. Calculate the highest common factor of 40 and m.
10
Let r be (4/6)/(8/132). Suppose -f + 11 = -r. Let a = 3 - -8. Calculate the highest common factor of f and a.
11
Let u(z) = z**2 - 3*z. Let b be u(7). Suppose 2*o = 3*j - 2, -4*j + 25 = 5*o - 16. What is the greatest common divisor of j and b?
4
Suppose -4*k + 0*k = -72. What is the greatest common divisor of k and 9?
9
Suppose 4*p - y - y - 56 = 0, 3*y = -4*p + 46. Let r be (-4)/6 + (-14)/(-3). Suppose -r*u = -24 - 28. What is the greatest common divisor of p and u?
13
Let x = 3 + 0. Let y be x*14 - (1 - 1). Let h = -13 + 19. What is the greatest common factor of h and y?
6
Let p be 142/14 + 8/(-56). Calculate the highest common factor of p and 10.
10
Suppose -10 = -r + 20. Suppose r = -5*o + 90. Let w = 211 + -208. Calculate the highest common factor of o and w.
3
Let y(d) = d**2 + 10. Let q be (-3 + (-24)/(-3))/(-1). Let j be y(q). Calculate the greatest common divisor of j and 5.
5
Let p = -197 - -314. What is the greatest common factor of 13 and p?
13
Let o be 0/(-1) + -1 - -280. Calculate the greatest common factor of o and 31.
31
Let f(j) = -j**2 + 4*j - 5*j + 4 + 2*j. Let c(t) = 1. Let y(v) = 4*c(v) - f(v). Let n be y(-5). What is the greatest common factor of n and 20?
10
Suppose 0*f - 16 = -4*q - 2*f, 12 = 3*f. Let m be ((-30)/(6/q))/(-1). What is the greatest common divisor of 10 and m?
10
Suppose 66 + 116 = 14*o. What is the highest common divisor of o and 104?
13
Let a be (-12)/((-40)/18 + 2). What is the greatest common divisor of a and 81?
27
Let t be ((-18)/8)/((-24)/640). Calculate the highest common divisor of t and 12.
12
Let h(x) = 6*x**2 - 3. Let m be h(2). Calculate the highest common factor of m and 7.
7
Suppose -q = 2*a - 36, -q + 1 - 5 = 0. What is the greatest common factor of a and 4?
4
Let d = 54 + -30. Suppose 3*b + 4 + 15 = 2*i, 20 = 2*i - 4*b. Calculate the greatest common divisor of i and d.
8
Let f = -73 - -78. Calculate the highest common factor of f and 1.
1
Suppose 0 = 2*m - 10 + 2. What is the highest common factor of 28 and m?
4
Suppose -7*a + 24 = -4*a. What is the highest common factor of a and 32?
8
Let y be (4 - (-34)/4) + (-1)/2. Let v = 6 + -4. Suppose 5*o - 2*h = 98, 4*o - o - v*h - 62 = 0. What is the highest common divisor of y and o?
6
Let p(o) = o + 8. Let g(i) = -i**3 + 7*i**2 - i. Let t be g(7). Let b be p(t). Calculate the greatest common divisor of 1 and b.
1
Let w = 10 + -7. Calculate the highest common factor of 9 and w.
3
Suppose 4*z - 156 = -5*n, -3*n + 29 = z - 10. Let y = 16 - 3. What is the highest common divisor of y and z?
13
Suppose 4*a + 3*a = 560. Calculate the highest common divisor of 32 and a.
16
Suppose 5*j = -0*j + 120. Let n be 110/(-4)*j/(-20). Let w = 30 - 19. Calculate the highest common factor of n and w.
11
Let r be 12/(-78) - 942/(-39). Let f be 2/7 - (-18)/(-14). Let b be -1 + 11 + 1 - f. What is the greatest common divisor of r and b?
12
Let z be (-5)/20 - 170/(-8). What is the highest common divisor of z and 105?
21
Suppose 0 = 5*s + 4*a - 188, -67 - 51 = -3*s - 5*a. Let w(r) = 3*r**2 + r - 2. Let x be w(2). Calculate the greatest common factor of s and x.
12
Suppose 0 = f - 0*f - 15. What is the greatest common factor of f and 165?
15
Let h = 18 + 10. What is the highest common factor of 21 and h?
7
Suppose -3*y - 4*v = -4*y + 90, -y + 100 = -2*v. Suppose 0 = -n - 0 + 3. Suppose n*p + 0*p - 132 = 0. What is the greatest common factor of p and y?
22
Let s = 70 + -66. What is the highest common factor of 32 and s?
4
Let c(v) = -v**3 - 10*v**2 - 9*v + 4. Let b be (-6)/4*3*2. Let p be c(b). Calculate the greatest common factor of 36 and p.
4
Let f(a) = a**2 - 7*a + 4. Let j be f(5). Let y = j + 12. What is the highest common factor of y and 12?
6
Let t = -4 - -7. Suppose -4*k = -t*o - 41, 2*o = -3*k + 67 - 15. Suppose -13 - 113 = -3*y. Calculate the greatest common divisor of y and k.
14
Let q be 4/((-5)/2 - -3). What is the highest common divisor of q and 8?
8
Suppose -p + 5*j + 52 = -73, 2*p - 5*j = 240. Calculate the greatest common factor of p and 23.
23
Let w = -43 + 73. What is the highest common divisor of 90 and w?
30
Let m be (-2)/(-8) + (-174)/(-8). Let r = 527 - 312. Suppose 4*o + 6*n = 3*n + 235, 0 = -4*o + n + r. What is the highest common divisor of m and o?
11
Suppose -4*v + 4*x = -144, v + 0*v = -x + 46. Let t = 61 - v. Calculate the greatest common divisor of t and 10.
10
Suppose 0 = -3*g + g. Suppose -4*n = -4*v - 40, -n - 2*n - v + 14 = g. Suppose 2*h + 64 = n*h. Calculate the highest common factor of 112 and h.
16
Suppose 2*w + 6 = 5*w. Suppose b - w*b = -108. Calculate the highest common divisor of b and 12.
12
Suppose -8*y = -5*y - 186. Let m(o) = o + 12. Let g be m(-9). Suppose 2*b + 18 - 45 = -g*h, -5*b + y = 2*h. Calculate the highest common divisor of 24 and b.
12
Suppose 0 = 5*x + 2*d - 17 + 4, 5*x + 5*d - 10 = 0. Let s = -1 + 5. Suppose 